p = -15 - -21. Let y = p + -9. Let j(o) = o**3 + 4*o**2 - o - 3. Let s be j(y). What is the highest common divisor of 9 and s?
9
Suppose -4*x - 17 + 65 = 4*c, -2*c + 4*x = -48. Let u(w) = 2 - 7*w - 1 + c*w + 4*w. Let h be u(1). Calculate the greatest common divisor of 56 and h.
14
Suppose -1 = c - 2*c. Let t(b) = -b + 2. Let o be t(-7). What is the highest common factor of c and o?
1
Let f(j) = 3*j**2 + 15*j + 27. Let v be f(-11). What is the greatest common divisor of 25 and v?
25
Let y(p) = 2*p**2 + 6*p + 5. Let g be y(-4). Let b = 166 - 49. Calculate the greatest common factor of g and b.
13
Suppose 5*u + 207 = -5*x + 3*u, -3 = 3*u. Let q = x - -159. Let b = q - 80. Calculate the greatest common divisor of b and 57.
19
Let j(n) = -7*n**2 + n - 4. Let a be j(5). Let d = 394 + a. Calculate the greatest common factor of d and 20.
20
Suppose 32 = 2*p - 2*g, 0 = -p + g - 2*g + 24. What is the highest common divisor of 140 and p?
20
Let u(h) = h**2 + 10*h + 13. Let w be u(-9). Suppose 9*o - 180 = w*o. What is the highest common divisor of o and 24?
12
Suppose 5*l = d + 5, 3*d + 29 = -0*d + l. Let z = 15 + d. Suppose 0 = -z*k + 88 + 292. What is the greatest common divisor of 19 and k?
19
Suppose 39 = 3*u + 5*b - 5, 2*u + 5*b - 21 = 0. Calculate the highest common factor of u and 207.
23
Suppose -b - 14 = -38. Suppose -21 = -2*m - 5*t, -4 = 2*t - 6. Suppose m = 5*r - 72. What is the highest common factor of r and b?
8
Suppose -2*x - 5 = -3*w, -3*w + 5*x + 8 - 18 = 0. Calculate the greatest common divisor of 35 and w.
5
Suppose -2*h + 5*h - 63 = 0. Let z = 30 - h. What is the highest common divisor of z and 6?
3
Suppose 5*d - 190 = 250. What is the greatest common factor of d and 11?
11
Let g be (12 - 192)*(-2)/5. What is the highest common divisor of 9 and g?
9
Suppose -2*d + 38 = -2*n, 6*n = -3*d + n + 41. Suppose t = -c + 17, -5*t + 22 = 3*c - 29. Calculate the greatest common divisor of c and d.
17
Let t be 4 + 2/(-1 + -1). Suppose -2*l - 2*l - 3 = y, 2*l + 1 = -y. What is the greatest common factor of y and t?
1
Suppose 3 = -k + 7. Let c = k - 4. Let o be 55*(c + 0 + 1). What is the highest common factor of 5 and o?
5
Suppose -3*t + 31 = 5*j, -4*t + 2*j + 72 = j. Suppose -4*n = -51 - t. Calculate the greatest common divisor of n and 17.
17
Let b = 27 + -11. Calculate the greatest common factor of b and 16.
16
Let q be -3*(1 - 5/3). Let n(j) = 2*j**3 + 2*j + 1. Let l be n(q). Suppose -4*r + 2 = -10. Calculate the greatest common divisor of r and l.
3
Suppose 2*w + q = 3*q + 32, 24 = w + 3*q. Suppose -f + 46 = 4*m, 2*f + f = m - w. What is the greatest common factor of m and 8?
4
Let a(u) = 7*u**2 + u - 2. Let j be a(3). Let g = 9 + -9. Suppose -v + 10 - 2 = g. What is the greatest common divisor of v and j?
8
Suppose -2 = -f - 0*f. Suppose -3*z - f*z + 20 = 0. Suppose 4*k = 5*k - z. What is the greatest common factor of 2 and k?
2
Suppose -l = 3*l - 4. Let v be -2 + l + -2 + 2. Let t be 43 + 2*v/(-2). What is the highest common factor of 4 and t?
4
Suppose 27 - 227 = -5*x. Suppose q + 11 = x. Suppose -2*i - 12 = -2*h, -q = -4*h - i - 0. Calculate the highest common factor of 14 and h.
7
Let l = 0 + 4. Suppose -l*z - 15 = -407. Calculate the greatest common divisor of 14 and z.
14
Let u(f) = f**2 - 5*f + 4. Let v be u(5). Let o(x) = x - 7. Let w be o(19). What is the greatest common divisor of w and v?
4
Suppose -n = -5*n + 88. What is the highest common factor of n and 11?
11
Let y be (100/(-3))/((-4)/12). Suppose 6*d - y = d. Calculate the greatest common divisor of 180 and d.
20
Let z(k) be the third derivative of k**6/120 - k**5/15 + k**4/6 + k**3/3 + k**2. Let s be z(4). Calculate the highest common factor of s and 6.
6
Let h be 2/(-7) - (-1012)/161. What is the highest common factor of 48 and h?
6
Let o(u) = -3*u**2 + 6*u**2 + 3 + 0*u**3 + u**3 + 4*u. Let v be o(-4). Let w = -15 - v. Calculate the greatest common divisor of 112 and w.
14
Suppose m - 48 = -m. What is the greatest common divisor of m and 192?
24
Let y be (0 - -2) + 6 + -3. Suppose -19 - 51 = -y*v. What is the greatest common factor of v and 56?
14
Let w(n) = -n**3 - 9*n**2 + 9*n - 6. Let p be w(-10). Suppose -p*b + b + 18 = 0. Let z = 14 - 8. Calculate the greatest common divisor of b and z.
6
Suppose -3*f + 3 = j, -f + 0*j + 3*j = -11. Suppose -f*n = -14 + 6, -2*n + 6 = -i. Suppose 0 = -0*z - i*z + 4. Calculate the highest common factor of z and 6.
2
Suppose 5*n = 20, 0 = 2*j + 3*n - 2*n - 26. Suppose 0*y - 3*y + 3*a = -363, 121 = y - 5*a. Calculate the greatest common factor of y and j.
11
Let g(c) = 4*c**2 - 3*c + 1. Let y be g(3). What is the highest common divisor of y and 252?
28
Suppose 0 = -3*r + 2*r + 5*v + 24, -4*v = 4. Suppose -68 = -t - 4*x + 28, 3*x = 15. What is the highest common factor of r and t?
19
Let h be (-1)/2*0 - -8. Let p = h + 4. Let l(v) = -25*v + 7. Let k be l(-5). Calculate the highest common factor of k and p.
12
Let z be -2*(13 + -15)*(-6)/(-8). Let b = 43 + -31. What is the greatest common factor of b and z?
3
Suppose 3*w = -2*w + 45. Let s(k) be the first derivative of 2*k**2 + 6*k - 3. Let o be s(w). What is the highest common divisor of 6 and o?
6
Let w(z) = -z**3 - 4*z**2 + 6*z + 7. Let i be w(-5). Calculate the highest common factor of 22 and i.
2
Let f = 159 - 111. Suppose -44 = -4*t + 2*q - 4*q, t - 3*q = 18. Calculate the greatest common factor of t and f.
12
Suppose -4*j + 4*g - 2*g = 18, 0 = 3*j - g + 11. Let r be (-3)/(-6) + (-179)/j. Let w be 10*(18/5 + 0). Calculate the greatest common divisor of r and w.
18
Let j = 21 - -20. Suppose 5*q + 4 = -j. Let u = -6 - q. Calculate the greatest common factor of u and 3.
3
Suppose -5*h - 3*i + 394 = 0, 2*h - 163 = -2*i - i. What is the highest common divisor of 11 and h?
11
Let q = 109 - 97. What is the highest common divisor of q and 36?
12
Let t(s) = -s**2 + 22. Let g be t(0). Let a be (15/(-9))/(2/(-66)). What is the highest common divisor of g and a?
11
Let h(w) = -w + 10. Let j be h(7). Suppose -f = -2*f, 0 = -l + j*f + 411. Suppose 4*b = -91 + l. What is the highest common factor of 32 and b?
16
Let m = -20 + 28. Suppose 0 = 5*l - 2*l - 2*f - 206, l = -2*f + 82. Calculate the highest common factor of l and m.
8
Let n = 163 - 67. What is the greatest common factor of n and 144?
48
Let b = 83 - 68. What is the highest common divisor of b and 5?
5
Let s = 27 + 188. Calculate the greatest common divisor of 43 and s.
43
Let f(y) = y**3 + 11*y**2 + 13*y - 5. Let n be f(-7). What is the greatest common factor of 20 and n?
20
Let j = -163 - -164. Calculate the greatest common factor of j and 4.
1
Suppose 6 = 2*g + 5*z - 1, 2*g = -4*z + 8. Calculate the greatest common divisor of g and 4.
2
Suppose y - 4*p - 234 = -4*y, -y = 2*p - 58. Calculate the highest common factor of y and 20.
10
Let r(u) = 13*u + 27. Let k be r(18). Calculate the highest common factor of k and 29.
29
Let q = 68 - 28. Calculate the highest common factor of 100 and q.
20
Let j be ((-18)/(-15))/(6/15). Suppose -o - j*o - 72 = -v, 2*o = 0. Calculate the highest common factor of 8 and v.
8
Let a = 33 - -30. Let b(q) be the second derivative of q**5/20 - q**4/3 - q**3/6 + q**2/2 - 2*q. Let t be b(5). What is the greatest common divisor of a and t?
21
Suppose 3*y - 3 = -4*z, 3*y - 3 = -0*y - 5*z. What is the highest common divisor of 5 and y?
1
Let i = -12 - -18. Let a be 0 + i + 1 + -4. Calculate the greatest common divisor of a and 3.
3
Suppose -2*w = 2*w + 200. Let p = w - -92. Calculate the highest common factor of p and 14.
14
Let s(x) = x**2 + 3*x - 1. Let u = -3 - -1. Let r be s(u). Let t = 1 - r. Calculate the greatest common factor of t and 4.
4
Let k be 74 - (-2 - (-1 + 2)). What is the highest common factor of k and 7?
7
Let c(s) = s - 3. Let t be c(3). Let j be (t + -28)*(-14)/8. Let o(r) = r**2 + 9*r + 7. Let m be o(-9). What is the highest common factor of m and j?
7
Let l(s) = -11*s - 2. Let w be l(-4). Let m = -10 - -12. Suppose i - 4 = m. What is the highest common factor of w and i?
6
Let l(x) be the second derivative of x**4/12 + 5*x**3/3 + x**2 + 3*x. Let r be l(-4). Let f = r - -38. Calculate the highest common factor of f and 2.
2
Let p be 1 + 2*(4 + -3). Suppose -3*u - p*x = -285, -4*u + 5*u - 2*x = 